{"id":699,"date":"2018-03-01T16:47:29","date_gmt":"2018-03-01T15:47:29","guid":{"rendered":"https:\/\/woodart.at\/shop\/produkt\/nussknacker-nachtwaechter-groesse-36-cm\/"},"modified":"2023-12-14T13:08:29","modified_gmt":"2023-12-14T12:08:29","slug":"nussknacker-nachtwaechter-groesse-36-cm","status":"publish","type":"product","link":"https:\/\/woodart.at\/shop\/produkt\/nussknacker-nachtwaechter-groesse-36-cm\/","title":{"rendered":"Nussknacker Nachtw\u00e4chter Gr\u00f6\u00dfe 36 cm"},"content":{"rendered":"","protected":false},"excerpt":{"rendered":"<p>Unsere qualitativ sehr hochwertigen Nussknacker werden in liebevoller Handarbeit aus Holz gefertigt und handbemalt. Premiumqualit\u00e4t aus dem Erzgebirge. Gratisversand in ganz Europa!<\/p>\n","protected":false},"featured_media":700,"comment_status":"closed","ping_status":"open","template":"","meta":[],"product_brand":[],"product_cat":[70],"product_tag":[],"class_list":{"0":"post-699","1":"product","2":"type-product","3":"status-publish","4":"has-post-thumbnail","6":"product_cat-nussknacker","8":"first","9":"outofstock","10":"taxable","11":"shipping-taxable","12":"purchasable","13":"product-type-simple","14":"has-featured-image","15":"portrait"},"_links":{"self":[{"href":"https:\/\/woodart.at\/shop\/wp-json\/wp\/v2\/product\/699","targetHints":{"allow":["GET"]}}],"collection":[{"href":"https:\/\/woodart.at\/shop\/wp-json\/wp\/v2\/product"}],"about":[{"href":"https:\/\/woodart.at\/shop\/wp-json\/wp\/v2\/types\/product"}],"replies":[{"embeddable":true,"href":"https:\/\/woodart.at\/shop\/wp-json\/wp\/v2\/comments?post=699"}],"wp:featuredmedia":[{"embeddable":true,"href":"https:\/\/woodart.at\/shop\/wp-json\/wp\/v2\/media\/700"}],"wp:attachment":[{"href":"https:\/\/woodart.at\/shop\/wp-json\/wp\/v2\/media?parent=699"}],"wp:term":[{"taxonomy":"product_brand","embeddable":true,"href":"https:\/\/woodart.at\/shop\/wp-json\/wp\/v2\/product_brand?post=699"},{"taxonomy":"product_cat","embeddable":true,"href":"https:\/\/woodart.at\/shop\/wp-json\/wp\/v2\/product_cat?post=699"},{"taxonomy":"product_tag","embeddable":true,"href":"https:\/\/woodart.at\/shop\/wp-json\/wp\/v2\/product_tag?post=699"}],"curies":[{"name":"wp","href":"https:\/\/api.w.org\/{rel}","templated":true}]}}