{"id":24,"date":"2017-07-24T10:14:45","date_gmt":"2017-07-24T08:14:45","guid":{"rendered":"https:\/\/woodart.at\/shop\/impressum\/"},"modified":"2017-09-18T14:50:49","modified_gmt":"2017-09-18T12:50:49","slug":"impressum","status":"publish","type":"page","link":"https:\/\/woodart.at\/shop\/impressum\/","title":{"rendered":"Impressum"},"content":{"rendered":"<p>Website-Impressum<\/p>\n<p>Gertraud Lackner KG<\/p>\n<p>&nbsp;<\/p>\n<p>Impressum | Offenlegung | Haftung | Sonstige Hinweise<\/p>\n<p>Unternehmer \/ Diensteanbieter \/ Medieninhaber<\/p>\n<p>Gertraud Lackner KG<\/p>\n<p>&nbsp;<\/p>\n<p>&nbsp;<\/p>\n<p>Anschrift: Baderg\u00e4\u00dfchen 2, 5020 Salzburg<\/p>\n<p>Telefon: +43 (0)662\/842385<\/p>\n<p>Fax: +43 (0)662\/84238522<\/p>\n<p>E-Mail: office@woodart.at<\/p>\n<p>&nbsp;<\/p>\n<p>Rechtsform: Kommanditgesellschaft<\/p>\n<p>Firmensitz: Salzburg<\/p>\n<p>Firmenbuchnummer: 220188 g<\/p>\n<p>Firmenbuchgericht: Landesgericht Salzburg<\/p>\n<p>Gesch\u00e4ftsf\u00fchrer (vertretungsbefugte Organe): Gertraud Lackner, Johannes Georg Lackner<\/p>\n<p>Stammkapital: &#8211;<\/p>\n<p>Gesellschafter (beteiligte Personen):<\/p>\n<p>Gertraud Lackner (Komplement\u00e4r)<\/p>\n<p>Johann Lackner (Kommanditist)<\/p>\n<p>Johannes Georg Lackner (Kommanditist)<\/p>\n<p>&nbsp;<\/p>\n<p>&nbsp;<\/p>\n<p>Mitglieder des Aufsichtsrates: &#8211;<\/p>\n<p>Aufsichtsbeh\u00f6rde: Magistrat der Stadt Salzburg<\/p>\n<p>Umsatzsteuer-Identifikationsnummer: ATU54052304<\/p>\n<p>DVR-Nummer: &#8211;<\/p>\n<p>Unternehmensgegenstand: Kunst- und Antiquit\u00e4tenhandel sowie Handel mit Bauernm\u00f6beln und damit in Zusammenhang stehenden Dienstleistungen; Handel mit Waren aller Art<\/p>\n<p>Kammerzugeh\u00f6rigkeit: Wirtschaftskammer Salzburg;<\/p>\n<p>Fachgruppe LG Handel mit Mode und Freizeitartikel, LG Juwelen-, Uhren-, Kunst-, Antiquit\u00e4ten- und Briefmarkenhandel<\/p>\n<p>&nbsp;<\/p>\n<p>Allgemeine Gesch\u00e4ftsbedingungen: Wir schlie\u00dfen Vertr\u00e4ge ausschlie\u00dflich unter<\/p>\n<p>Zugrundelegung unserer Allgemeinen<\/p>\n<p>Gesch\u00e4ftsbedingungen (AGB); andere Bedingungen, insbesondere andere Allgemeine Gesch\u00e4ftsbedingungen, erkennen wir nicht an und wird diesen von uns hiermit widersprochen.<\/p>\n<p>Unsere AGB finden Sie hier:\u00a0<a href=\"https:\/\/woodart.at\/shop\/agb\/\" target=\"_blank\" rel=\"noopener\">AGB<\/a><\/p>\n<p>Um die pdf-Datei \u00f6ffnen zu k\u00f6nnen, nutzen Sie bitte den kostenlosen Adobe Reader.<\/p>\n<p>Verwendete Bilder:<\/p>\n<p>Grundlegende Richtung: Die Website ist eine Informations- und<\/p>\n<p>Serviceeinrichtung f\u00fcr (potentielle) Kunden und Gesch\u00e4ftspartner<\/p>\n<p>&nbsp;<\/p>\n<p>Schutzrechte: Sofern nicht anders angegeben, liegt das Urheberrecht aller auf dieser Website bereitgestellten Dokumenten (u.a. Grafiken, Videos, Sounds und Texte) und der daf\u00fcr verwendeten Materialien ausschlie\u00dflich im Besitz der Gertraud Lackner KG. Bez\u00fcglich aller Rechte (zB Eigentum, gewerbliche Schutzrechte, Urheberrecht) wird niemandem eine Lizenz oder ein sonstiges Recht einger\u00e4umt.<\/p>\n<p>&nbsp;<\/p>\n<p>Streitbeilegung: Verbraucher haben die M\u00f6glichkeit, Beschwerden an die OnlineStreitbeilegungsplattform der EU zu richten: http:\/\/ec.europa.eu\/odr. Sie k\u00f6nnen allf\u00e4llige Beschwerde auch an die oben angegebene E-Mail-Adresse richten.<\/p>\n<p>&nbsp;<\/p>\n<p>Haftungsausschluss<\/p>\n<p>Der Autor bzw. Betreiber dieser Website ist bestrebt, die darin angebotenen Informationen nach bestem Wissen und Gewissen aktuell, vollst\u00e4ndig und richtig darzustellen und aktuell zu halten. Dennoch wird jegliche Haftung f\u00fcr Sch\u00e4den und sonstige wie immer geartete Nachteile ausgeschlossen, die sich aus der<\/p>\n<p>&nbsp;<\/p>\n<p>Nutzung (oder Nichtnutzung) der angebotenen Informationen ergeben k\u00f6nnen \u2013 dies auch und insbesondere dann, wenn diese Sch\u00e4den\/Nachteile auf die Nutzung von allenfalls nicht aktuellen, unvollst\u00e4ndigen bzw. fehlerhaften Informationen zur\u00fcckzuf\u00fchren sind. Dies gilt dann nicht, wenn seitens des Autors bzw. Betreibers ein vors\u00e4tzliches oder krass grob fahrl\u00e4ssiges Verhalten vorliegt.<\/p>\n<p>&nbsp;<\/p>\n<p>Verweise auf fremde Websites (Links, Hyperlinks) liegen au\u00dferhalb des Verantwortungsbereiches des Autors und Betreibers.<\/p>\n<p>&nbsp;<\/p>\n<p>F\u00fcr Inhalte externer Internetseiten wird demgem\u00e4\u00df keine wie immer geartete Verantwortung bzw. Haftung \u00fcbernommen; insbesondere wird jede Haftung f\u00fcr deren Aussagen, Gestaltung und Inhalte ausgeschlossen, zumal kein Einfluss auf Inhalte und Gestaltung von gelinkten Seiten besteht. F\u00fcr Inhalte von Seiten, auf welche von Seiten dieser Website verwiesen wird, haftet somit allein der jeweilige Anbieter der fremden Website \u2013 niemals jedoch derjenige, der durch einen Link auf fremde<\/p>\n<p>&nbsp;<\/p>\n<p>Publikationen und Inhalte verweist. Sollten gelinkte Seiten (insbesondere durch Ver\u00e4nderung der Inhalte nach dem Setzen des Links) illegale, fehlerhafte, unvollst\u00e4ndige, beleidigende oder sittenwidrige Informationen beinhalten und gelangen derartige Inhalte von gelinkten Seiten zur Kenntnis, so wird der Link auf derartige Seiten unverz\u00fcglich unterbunden.<\/p>\n<p>&nbsp;<\/p>\n<p>Zudem wird keine wie immer geartete Haftung und Verantwortung f\u00fcr fremde Websites \u00fcbernommen, von denen durch Hyperlinks auf unsere Website (www.[\u2022]) verwiesen wird.<\/p>\n<p>&nbsp;<\/p>\n<p>Eine laufende Kontrolle von Seiten, zu denen man durch<\/p>\n<p>Hyperlinks gelangen kann oder von denen durch Hyperlinks auf unsere Website (www.[\u2022]) verwiesen wird, erfolgt nicht.<\/p>\n<p>&nbsp;<\/p>\n<p>Wir machen uns den Inhalt von Seiten, zu denen man von unserer Website durch Hyperlinks gelangen kann oder von denen durch Hyperlinks auf unsere Website (www.[\u2022]) verwiesen wird, auch nicht zu eigen.<\/p>\n<p>&nbsp;<\/p>\n<p>Informationsinhalt<\/p>\n<p>Die Informationen dieser Website k\u00f6nnen ohne vorherige Ank\u00fcndigung ge\u00e4ndert, entfernt oder erg\u00e4nzt werden. Es wird daher keine Haftung f\u00fcr die<\/p>\n<p>Korrektheit, Vollst\u00e4ndigkeit, Qualit\u00e4t oder Aktualit\u00e4t der bereitgestellten Informationen gegeben.<\/p>\n<p>&nbsp;<\/p>\n<p>Nutzung unserer Daten<\/p>\n<p>Der Nutzung von im Rahmen der Impressums- bzw.<\/p>\n<p>Offenlegungs- und Informationspflicht ver\u00f6ffentlichten Kontaktdaten durch Dritte zur \u00dcbersendung von nicht ausdr\u00fccklich angeforderter Werbung und<\/p>\n<p>Informationsmaterialien wird hiermit ausdr\u00fccklich widersprochen. Die Einleitung rechtlicher Schritte im Falle der unverlangten Zusendung von Werbeinformationen, etwa durch Spam-Mails etc. bleibt vorbehalten.<\/p>\n<p>&nbsp;<\/p>\n<p>Privacy<\/p>\n<p>Jeder Benutzer dieser Website, der der Gertraud Lackner KG Informationen zur Verf\u00fcgung stellt, r\u00e4umt der Gertraud Lackner KG uneingeschr\u00e4nkte Rechte an diesen Informationen ein und gestattet, dass die Gertraud Lackner KG sie in jeder von ihr gew\u00fcnschten Art insbesondere zur Vertragserf\u00fcllung nutzen kann. Die vom Benutzer zur Verf\u00fcgung gestellte Information unterliegt nicht der Geheimhaltung, ausgenommen personenbezogene Daten im Rahmen des Datenschutzgesetzes. Personenbezogene Daten des Benutzers unterliegen dem Datenschutzgesetz 2000 und werden von Gertraud Lackner KG nur in jenem Umfang verwendet, wie sie zur pers\u00f6nlichen Betreuung oder Kundenstammdatenpflege erforderlich sind.<\/p>\n<p>&nbsp;<\/p>\n<p>Social Media<\/p>\n<p>Diese Website verwendet Plugins\/Funktionen der sozialen Netzwerke Facebook, Twitter und Google+. Diese sind aus Datenschutzgr\u00fcnden standardm\u00e4\u00dfig deaktiviert und m\u00fcssen bei Verwendung explizit durch Sie aktiviert werden. Bitte beachten Sie vor Aktivierung folgende Hinweise zu den einzelnen Anbietern:<\/p>\n<p>&nbsp;<\/p>\n<p>Facebook<\/p>\n<p>Diese Website verwendet Social Plugins des sozialen Netzwerkes facebook.com, welches von der Facebook Inc., 1601 South California Avenue, Palo Alto, CA 94304, USA betrieben wird. Nach Aktivierung des Plugins mittels Klick auf das Facebook-Icon wird eine direkte Verbindung zwischen Ihrem Browser und dem Facebook-Server hergestellt. Facebook erh\u00e4lt dadurch die Information, dass Sie mit Ihrer IP-Adresse unsere Seite besucht haben. Wenn Sie den Facebook &#8222;Like-Button&#8220; anklicken w\u00e4hrend Sie in Ihrem Facebook-Account eingeloggt sind, k\u00f6nnen Sie die Inhalte unserer Seiten auf Ihrem Facebook-Profil verlinken. Dadurch kann Facebook den Besuch unserer Seiten Ihrem Benutzerkonto zuordnen. Wir weisen darauf hin, dass wir als Anbieter der Seiten keine Kenntnis vom Inhalt der \u00fcbermittelten Daten sowie deren Nutzung durch Facebook erhalten. Weitere Informationen hierzu finden Sie in der Datenschutzerkl\u00e4rung von Facebook unter http:\/\/de-de.facebook.com\/policy.php. Wenn Sie nicht w\u00fcnschen, dass Facebook den Besuch unserer Seiten Ihrem Facebook-Nutzerkonto zuordnen kann, loggen Sie sich bitte aus Ihrem Facebook-Benutzerkonto aus.<\/p>\n<p>&nbsp;<\/p>\n<p>Twitter<\/p>\n<p>Auf dieser Website sind Funktionen des Dienstes Twitter eingebunden. Diese Funktionen werden angeboten durch die Twitter Inc., Twitter, Inc. 1355 Market St, Suite 900, San Francisco, CA 94103, USA.<\/p>\n<p>Durch das Benutzen von Twitter und der Funktion &#8222;Re-Tweet&#8220; werden die von Ihnen besuchten Websites mit Ihrem Twitter-Account verkn\u00fcpft und anderen Nutzern bekannt gegeben. Dabei werden auch Daten an Twitter \u00fcbertragen. Wir weisen darauf hin, dass wir als Anbieter der Seiten keine Kenntnis vom Inhalt der \u00fcbermittelten Daten sowie deren Nutzung durch Twitter erhalten. Weitere Informationen hierzu finden Sie in der Datenschutzerkl\u00e4rung von Twitter unter http:\/\/twitter.com\/privacy. Ihre<\/p>\n<p>Datenschutzeinstellungen bei Twitter k\u00f6nnen Sie in den Konto-Einstellungen unter http:\/\/twitter.com\/account\/settings \u00e4ndern.<\/p>\n<p>&nbsp;<\/p>\n<p>Google+<\/p>\n<p>Mithilfe der Google +1-Schaltfl\u00e4che k\u00f6nnen Sie Informationen weltweit ver\u00f6ffentlichen. \u00dcber die Google +1-Schaltfl\u00e4che erhalten Sie und andere Nutzer personalisierte Inhalte von Google und unseren Partnern. Google speichert sowohl die Information, dass Sie f\u00fcr einen Inhalt +1 gegeben haben, als auch Informationen \u00fcber die Seite, die Sie beim Klicken auf +1 angesehen haben. Ihre +1 k\u00f6nnen als Hinweise zusammen mit Ihrem Profilnamen und Ihrem Foto in Google-Diensten, wie etwa in Suchergebnissen oder in Ihrem Google-Profil, oder an anderen Stellen auf Websites und Anzeigen im Internet eingeblendet werden. Google zeichnet Informationen \u00fcber Ihre +1-Aktivit\u00e4ten auf, um die Google-Dienste f\u00fcr Sie und andere zu verbessern. Um die Google +1-Schaltfl\u00e4che verwenden zu k\u00f6nnen, ben\u00f6tigen Sie ein weltweit sichtbares, \u00f6ffentliches Google-Profil, das zumindest den f\u00fcr das Profil gew\u00e4hlten Namen enthalten muss. Dieser Name wird in allen Google-Diensten verwendet. In manchen F\u00e4llen kann dieser Name auch einen anderen Namen ersetzen, den Sie beim Teilen von Inhalten \u00fcber Ihr Google-Konto verwendet haben. Die Identit\u00e4t Ihres Google-Profils kann Nutzern angezeigt werden, die Ihre E-Mail-Adresse kennen oder \u00fcber andere identifizierende Informationen von Ihnen verf\u00fcgen. Neben den oben erl\u00e4uterten Verwendungszwecken werden die von Ihnen bereitgestellten Informationen gem\u00e4\u00df den geltenden Google-Datenschutzbestimmungen genutzt. Google ver\u00f6ffentlicht m\u00f6glicherweise zusammengefasste Statistiken \u00fcber die +1-Aktivit\u00e4ten der Nutzer bzw. gibt diese an Nutzer und Partner weiter, wie etwa Publisher, Inserenten oder verbundene Websites.<\/p>\n<p>&nbsp;<\/p>\n<p>Google Analytics<\/p>\n<p>Diese Website benutzt Google Analytics, einen Webanalysedienst der Google Inc. (&#8222;Google&#8220;). Google Analytics verwendet sogenannte &#8222;Cookies&#8220;, Textdateien, die auf Ihrem Computer gespeichert werden und die eine Analyse der Benutzung der Website durch Sie erm\u00f6glichen. Die durch den Cookie erzeugten Informationen \u00fcber Ihre Benutzung dieser Website werden in der Regel an einen Server von Google in den USA \u00fcbertragen und dort gespeichert. Aufgrund der Aktivierung der IP-Anonymisierung auf dieser Website, wird Ihre IP-Adresse von Google jedoch innerhalb von Mitgliedstaaten der Europ\u00e4ischen Union oder in anderen<\/p>\n<p>Vertragsstaaten des Abkommens \u00fcber den Europ\u00e4ischen Wirtschaftsraum zuvor gek\u00fcrzt. Nur in Ausnahmef\u00e4llen wird die volle IP-Adresse an einen Server von Google in den USA \u00fcbertragen und dort gek\u00fcrzt. Im Auftrag der Gertraud Lackner KG wird Google diese Informationen benutzen, um Ihre Nutzung der Website auszuwerten, um Reports \u00fcber die Websiteaktivit\u00e4ten zusammenzustellen und um weitere mit der Websitenutzung und der Internetnutzung verbundene Dienstleistungen gegen\u00fcber Gertraud Lackner KG zu erbringen. Die im Rahmen von Google Analytics von Ihrem Browser \u00fcbermittelte IP-Adresse wird nicht mit anderen Daten von Google zusammengef\u00fchrt. Sie k\u00f6nnen die Speicherung der Cookies durch eine entsprechende Einstellung Ihrer Browser-Software verhindern; wir weisen Sie jedoch darauf hin, dass Sie in diesem Fall gegebenenfalls nicht s\u00e4mtliche Funktionen dieser Website vollumf\u00e4nglich werden nutzen k\u00f6nnen. Dar\u00fcber hinaus k\u00f6nnen Sie die Erfassung der durch das Cookie erzeugten und auf Ihre Nutzung der Website bezogenen Daten (inklusive Ihrer IP-Adresse) an Google, sowie die Verarbeitung dieser Daten durch<\/p>\n<p>Google verhindern, indem sie das Browser-Add-on zur Deaktivierung von Google Analytics herunterladen und installieren, oder hier klicken, um das Tracking durch Google Analytics auf dieser Website mit einem Cookie zu blockieren.<\/p>\n<p>&nbsp;<\/p>\n","protected":false},"excerpt":{"rendered":"<p>Website-Impressum Gertraud Lackner KG &nbsp; Impressum | Offenlegung | Haftung | Sonstige Hinweise Unternehmer \/ Diensteanbieter \/ Medieninhaber Gertraud Lackner [&hellip;]<\/p>\n","protected":false},"author":1,"featured_media":0,"parent":0,"menu_order":0,"comment_status":"closed","ping_status":"closed","template":"","meta":{"footnotes":""},"class_list":["post-24","page","type-page","status-publish","hentry","no-featured-image"],"_links":{"self":[{"href":"https:\/\/woodart.at\/shop\/wp-json\/wp\/v2\/pages\/24","targetHints":{"allow":["GET"]}}],"collection":[{"href":"https:\/\/woodart.at\/shop\/wp-json\/wp\/v2\/pages"}],"about":[{"href":"https:\/\/woodart.at\/shop\/wp-json\/wp\/v2\/types\/page"}],"author":[{"embeddable":true,"href":"https:\/\/woodart.at\/shop\/wp-json\/wp\/v2\/users\/1"}],"replies":[{"embeddable":true,"href":"https:\/\/woodart.at\/shop\/wp-json\/wp\/v2\/comments?post=24"}],"version-history":[{"count":0,"href":"https:\/\/woodart.at\/shop\/wp-json\/wp\/v2\/pages\/24\/revisions"}],"wp:attachment":[{"href":"https:\/\/woodart.at\/shop\/wp-json\/wp\/v2\/media?parent=24"}],"curies":[{"name":"wp","href":"https:\/\/api.w.org\/{rel}","templated":true}]}}